{"id":1053,"date":"2022-02-12T13:40:14","date_gmt":"2022-02-12T13:40:14","guid":{"rendered":"https:\/\/goldenbrasilcoffee.ro\/?page_id=1053"},"modified":"2022-02-12T13:42:53","modified_gmt":"2022-02-12T13:42:53","slug":"filter-coffee","status":"publish","type":"page","link":"https:\/\/goldenbrasilcoffee.ro\/index.php\/filter-coffee\/","title":{"rendered":"Filter coffee"},"content":{"rendered":"<p>[vc_row][vc_column width=&#8221;1\/2&#8243;]<div id=\"ultimate-heading-829669f1dd29076b8\" class=\"uvc-heading ult-adjust-bottom-margin ultimate-heading-829669f1dd29076b8 uvc-4181  uvc-heading-default-font-sizes\" data-hspacer=\"line_only\"  data-halign=\"center\" style=\"text-align:center\"><div class=\"uvc-main-heading ult-responsive\"  data-ultimate-target='.uvc-heading.ultimate-heading-829669f1dd29076b8 h2'  data-responsive-json-new='{\"font-size\":\"\",\"line-height\":\"\"}' ><h2 style=\"--font-weight:theme;\">Filter coffee<\/h2><\/div><div class=\"uvc-heading-spacer line_only\" style=\"topheight:1px;\"><span class=\"uvc-headings-line\" style=\"border-style:solid;border-bottom-width:1px;border-color:#e7b35a;width:100px;\"><\/span><\/div><\/div>[vc_column_text]<\/p>\n<div class=\"wpb_text_column wpb_content_element vc_custom_1590078925192\">\n<div class=\"wpb_wrapper\">\n<p><span>Filter Coffee, Arditi, o fuziune extrem \u0219i atent echilibrat\u0103, printre cele mai bune selec\u021bii de cafea Arabica.\u00a0Printr-un echilibru \u00eentre gust \u0219i senza\u021bie, ajungem la nevoile unice ale Filter Coffee.\u00a0O b\u0103utur\u0103 cu corp sc\u0103zut \u0219i p\u00e2ine pr\u0103jit\u0103 u\u0219oar\u0103, cu profil aromatic floral \u0219i fructat cu note de p\u00e2ine pr\u0103jit\u0103.<\/span><\/p>\n<\/div>\n<\/div>\n<p>[\/vc_column_text][vc_single_image image=&#8221;1056&#8243; img_size=&#8221;full&#8221;][vc_column_text]<\/p>\n<div class=\"wpb_text_column wpb_content_element vc_custom_1590078925192\">\n<div class=\"wpb_wrapper\">\n<p><strong><span class=\"titolo\"><span>Amestecuri \u0219i origini:<\/span><\/span><\/strong><br \/>\n<span>Arabica sp\u0103lat \u0219i natural\u00a0<\/span><\/p>\n<\/div>\n<\/div>\n<p>[\/vc_column_text][\/vc_column][vc_column width=&#8221;1\/2&#8243;][vc_single_image image=&#8221;1055&#8243; img_size=&#8221;full&#8221; alignment=&#8221;center&#8221;][\/vc_column][\/vc_row][vc_row][vc_column][vc_row_inner][vc_column_inner width=&#8221;1\/3&#8243;][vc_column_text]<\/p>\n<h2 class=\"wpb_heading wpb_progress_bar_heading\" style=\"text-align: center;\"><span>INFOGRAFIE<\/span><\/h2>\n<p>[\/vc_column_text][vc_progress_bar values=&#8221;%5B%7B%22label%22%3A%22Corpul%20b%C4%83uturii%22%2C%22value%22%3A%2220%22%7D%2C%7B%22label%22%3A%22Pr%C4%83jirea%22%2C%22value%22%3A%2220%22%7D%2C%7B%22label%22%3A%22Con%C8%9Binut%20mediu%20de%20cofein%C4%83%22%2C%22value%22%3A%2240%22%7D%5D&#8221; options=&#8221;striped&#8221;][\/vc_column_inner][vc_column_inner width=&#8221;1\/3&#8243;][vc_column_text]<\/p>\n<h2 class=\"wpb_heading\" style=\"text-align: center;\"><span>NOTE AROMATE<\/span><\/h2>\n<p>[\/vc_column_text][vc_line_chart x_values=&#8221;SPEZIATE; CIOCCOLATA; FRUTTATO; FLOREALI;&#8221; values=&#8221;%5B%7B%22title%22%3A%22%25%20Note%20aromatiche%22%2C%22y_values%22%3A%2230%3B%2001%3B%2020%3B%2040%3B%22%2C%22color%22%3A%22orange%22%7D%5D&#8221;][\/vc_column_inner][vc_column_inner width=&#8221;1\/3&#8243;][vc_column_text]<\/p>\n<h2 class=\"wpb_heading wpb_progress_bar_heading\" style=\"text-align: center;\"><span>PROFIL ORGANOLEPTIC<\/span><\/h2>\n<p>[\/vc_column_text][vc_progress_bar values=&#8221;%5B%7B%22label%22%3A%22AROMATICITATE%22%2C%22value%22%3A%2275%22%7D%2C%7B%22label%22%3A%22CORP%22%2C%22value%22%3A%2275%22%7D%2C%7B%22label%22%3A%22INTENSITATE&#8217;%22%2C%22value%22%3A%2255%22%7D%5D&#8221; caption_pos=&#8221;top&#8221;][\/vc_column_inner][\/vc_row_inner][\/vc_column][\/vc_row]<\/p>\n","protected":false},"excerpt":{"rendered":"<p>[vc_row][vc_column width=&#8221;1\/2&#8243;][vc_column_text] Filter Coffee, Arditi, o fuziune extrem \u0219i atent echilibrat\u0103, printre cele mai bune selec\u021bii de cafea Arabica.\u00a0Printr-un echilibru \u00eentre gust \u0219i senza\u021bie, ajungem la nevoile unice ale Filter Coffee.\u00a0O b\u0103utur\u0103 cu corp sc\u0103zut \u0219i p\u00e2ine pr\u0103jit\u0103 u\u0219oar\u0103, cu profil aromatic floral \u0219i fructat cu note de p\u00e2ine pr\u0103jit\u0103. [\/vc_column_text][vc_single_image image=&#8221;1056&#8243; img_size=&#8221;full&#8221;][vc_column_text] Amestecuri \u0219i&hellip;<\/p>\n","protected":false},"author":1,"featured_media":0,"parent":0,"menu_order":0,"comment_status":"closed","ping_status":"closed","template":"template-microsite.php","meta":{"footnotes":""},"class_list":["post-1053","page","type-page","status-publish","hentry","description-off"],"_links":{"self":[{"href":"https:\/\/goldenbrasilcoffee.ro\/index.php\/wp-json\/wp\/v2\/pages\/1053","targetHints":{"allow":["GET"]}}],"collection":[{"href":"https:\/\/goldenbrasilcoffee.ro\/index.php\/wp-json\/wp\/v2\/pages"}],"about":[{"href":"https:\/\/goldenbrasilcoffee.ro\/index.php\/wp-json\/wp\/v2\/types\/page"}],"author":[{"embeddable":true,"href":"https:\/\/goldenbrasilcoffee.ro\/index.php\/wp-json\/wp\/v2\/users\/1"}],"replies":[{"embeddable":true,"href":"https:\/\/goldenbrasilcoffee.ro\/index.php\/wp-json\/wp\/v2\/comments?post=1053"}],"version-history":[{"count":2,"href":"https:\/\/goldenbrasilcoffee.ro\/index.php\/wp-json\/wp\/v2\/pages\/1053\/revisions"}],"predecessor-version":[{"id":1057,"href":"https:\/\/goldenbrasilcoffee.ro\/index.php\/wp-json\/wp\/v2\/pages\/1053\/revisions\/1057"}],"wp:attachment":[{"href":"https:\/\/goldenbrasilcoffee.ro\/index.php\/wp-json\/wp\/v2\/media?parent=1053"}],"curies":[{"name":"wp","href":"https:\/\/api.w.org\/{rel}","templated":true}]}}